. Let q(b) be the first derivative of 17 - 3/2*b**2 - 1/3*b**p + 4*b. Determine q(-4).
0
Let n(r) be the first derivative of 2*r**3/3 - 10*r**2 - 24*r + 1666. Calculate n(11).
-2
Let b(n) = -n**3 - n - 1. Let x = 996 - 996. Let z be 2 - (-5 - (x + -8)). Give b(z).
1
Suppose 0 = 18*l - 24*l + 210. Suppose 22 + l = 19*j. Let u(n) = n**3 - 4*n**2 + 4*n - 2. Calculate u(j).
1
Let p(n) = -18*n**2 + 2*n - 1. Let w(v) = 53*v**2 - 4*v + 47. Let l(j) = -3*p(j) - w(j). What is l(8)?
4
Let a(b) = 6*b - 2. Suppose -393*v + 387*v + 30 = 0. What is a(v)?
28
Suppose -1 = -3*l - 4, 22 = 3*n - l. Let q be 1/2*(n + -7). Let d(y) = y**2 + 7 + 2*y + 3*y**2 + q*y**2 - 5*y**2. Give d(5).
-8
Let v(i) = 113*i**3 + i**2 + 12*i + 23. Let t(o) = -34*o**3 - o**2 - 4*o - 8. Let u(s) = -10*t(s) - 3*v(s). Give u(-9).
-187
Let u = -139 + 143. Let y(g) = u*g - 17 + 28 + g**2 - 7. Give y(-4).
4
Let m(x) = -25*x - 1467. Let t be m(-59). Let h(k) = -k**3 + 12*k**2 - 33*k - 1. What is h(t)?
-9
Let b(x) = 16197*x + 0 - 2 - 16196*x + 17. Let s be b(-11). Let j(d) = -d**2 + 4*d - 3. What is j(s)?
-3
Let d(y) = y - 10. Let b be (-10)/25 - 1906/10. Let z = -182 - b. Calculate d(z).
-1
Let z(o) = -24*o**3 + 25 - 4*o**2 - 3*o + 25*o**3 - 8 - 9. Give z(6).
62
Let v(q) = -7*q**2 - 8*q - 29. Let n(d) = -d**2 - d - 6. Let x(r) = 4*n(r) - v(r). Give x(-2).
9
Suppose 117*w = 5*w - 1008. Let n(y) = y - 2. Determine n(w).
-11
Let a(f) = -150*f**2 + 600*f - 5. Let h be a(4). Let y(t) = 17*t + 24. Determine y(h).
-61
Let q(n) = n**3 + 23*n**2 - 25*n - 32. Suppose -3*r - 2314 = -5*i - 2434, -4*r - 72 = 3*i. Give q(i).
-8
Let y(k) = 111*k - 1. Suppose -6*r + r + 2*l = -1, 8 = 4*l. Give y(r).
110
Let x be (-174)/(-60) + 158/(-20) + -58 + 66. Let q(d) be the first derivative of -d**3/3 + 5*d + 1. Calculate q(x).
-4
Let p(z) = 1832*z**3 + 1832*z**3 + 1841*z**3 - 9*z**2 - 5 - 5506*z**3 - 13*z. Determine p(-8).
35
Let w(m) = m**3 + 7*m**2 - 9*m - 13. Let l = -9322 + 9314. What is w(l)?
-5
Let f = -300 + 328. Suppose 15*c - 2 = f. Let y(z) = 0 + 0 + 2*z + 2. Calculate y(c).
6
Let c be (-35)/(-42) - 417/(-18). Let u be c - 24 - 8/1. Let x(j) be the third derivative of -j**5/60 - j**4/4 + 5*j**3/3 + j**2. Calculate x(u).
-6
Let s(l) = -12*l**3 - 10*l**2 + l - 2. Let d(t) = 2*t**3 + t**2 - t. Let p = -218 - -219. Let b(i) = p*s(i) + 5*d(i). What is b(-3)?
19
Let d(q) = -11*q + 9*q**3 - 8*q**3 - 9*q**2 - 7*q + 9*q - 11. What is d(10)?
-1
Let p(z) = -16*z - 57. Suppose 4*i = 24, -27 - 5 = 2*w - 4*i. Give p(w).
7
Let w(g) be the third derivative of -g**6/360 + g**5/10 + 3*g**4/8 + g**3/2 + 118*g**2. Let v(j) be the second derivative of w(j). Calculate v(10).
-8
Let o(d) = -51*d**2 - 504*d + 19. Let f be o(-10). Let l(s) = -5*s - 199. What is l(f)?
6
Let u(o) = o**3 + 8*o**2 + o - 32. Suppose -2*c = -4*q - 30, 2*c - 19 = -2*q - 31. Determine u(q).
10
Suppose -2*q - 7*i = -8*i + 1, i = -3*q + 1. Let r(l) = l**2 - 8. Give r(q).
-8
Let v(i) = -63*i + 380. Let r = -1734 - -1740. Give v(r).
2
Let u(n) = n**3 - 3*n**2 + 2*n - 5. Let l be u(4). Suppose 5*c = -9 + l. Suppose c*o = 4*b + 26, 2*o - 11 = 2*b - o. Let k(s) = 2*s - 8. Determine k(b).
-22
Let s = 73 + -9. Let w = s - 46. Suppose -w*a = -8*a. Let b(r) = r + 1. What is b(a)?
1
Suppose 68*b - 693 = 167*b. Let n(c) = -4*c**2 - 15*c + 7. Determine n(b).
-84
Suppose -90*u + 87*u - 17 = -l, -4*u + 7*l + 34 = 0. Let v(i) be the second derivative of 0 - 5/6*i**4 - 1/20*i**5 + 7/2*i**2 - 4/3*i**3 + 3*i. Calculate v(u).
-2
Let o(c) = -5*c + 3022 - 6006 + 2992. Determine o(-5).
33
Suppose -4*p - 20 = 0, -2*s + 51 = -7*p + 4*p. Let m(i) = i**3 - 19*i**2 + 19*i - 2. Give m(s).
16
Let l = 13 + -28. Let w = 22 + l. Let g(f) = -1 - f + 2 - w*f - f. Give g(-2).
19
Let j(p) = -2*p**3 + 41*p**3 - 64*p + 0*p**2 - 16*p**2 - 14*p**2 - 38*p**3. Give j(32).
0
Let j be 260/91 - (-2)/14. Let f(g) = -4 - 156*g**3 + 155*g**3 + 5*g**2 - 5*g + j*g. Let d = 156 - 153. Determine f(d).
8
Suppose 3*x - 4 = 5. Let j(v) = -10*v - x + 13*v + 3. Suppose 2*g = 4*p - 12, 5*g - 4*p + 8 = g. Determine j(g).
6
Let p(w) = -w**2 + 16*w - 21. Let n(d) = -18*d - 23*d**3 + 35*d**3 - 13*d**3 + 15*d**2 - 89. Let b be n(13). Determine p(b).
-6
Suppose 55*l - 12*l + 1 - 302 = 0. Let a(f) = f**3 - 4*f**2 - 21*f + 13. What is a(l)?
13
Let a be (4 - 42/15)/((-65)/(-325)). Let h(i) = i**2 - 7*i + 2. What is h(a)?
-4
Let i(d) = d**3 - 15*d**2 - 19*d - 18. Suppose 0 = 70*c - 73*c + 48. Determine i(c).
-66
Suppose -9256 = -6*o - 9226. Let s(a) = 3*a**2 - 6*a - 4. Determine s(o).
41
Let u(q) = -q**2 + 14*q + 27. Let g be u(16). Let l(b) = -b**3 - 9*b**2 - 7*b - 6. Calculate l(g).
-71
Suppose 240 = -65*w + 45*w. Let j(g) = 3*g + 34. Calculate j(w).
-2
Let n(c) be the first derivative of 1/24*c**4 + 0*c + 0*c**2 - 5/3*c**3 + 4 - 1/15*c**5. Let s(y) be the third derivative of n(y). Determine s(1).
-7
Suppose s = 4*s + 12. Let m(v) be the third derivative of 0*v + 3*v**2 + 1/8*v**4 + v**3 + 0. Calculate m(s).
-6
Let m(w) = -3*w**2 + 10*w - 11. Let q(g) = -g**2 + 4*g**2 - 2*g**2 - 49 + 10*g + 37 - 5*g**2. Let n(k) = 5*m(k) - 4*q(k). Determine n(-12).
17
Let o(h) = 4*h. Suppose -2*s = -3*x + 3, 10 + 2 = -x + 5*s. Suppose -2*k - k = 6. Let f = k + x. Calculate o(f).
4
Let j(y) = y**2 - y + 24. Let v be j(5). Let s(m) = 61 - 75 - m**3 - m**2 + v. Determine s(0).
30
Let i(v) = -v**2 + 4*v + 50. Let g be i(9). Let c(j) = 11*j**2 + 12*j + 3. Let y(l) = -5*l**2 - 6*l - 1. Let m(k) = 6*c(k) + 13*y(k). Calculate m(g).
0
Let b(s) = s - 2. Let p(n) = -9*n - 49. Let z(f) = -4*b(f) - p(f). Give z(-11).
2
Let b(v) = -24*v**2 + 1. Let h be ((-553)/(-21) - 1)/(6/9). Let k = 14 - 8. Suppose -k*m - h = -44. Calculate b(m).
-23
Suppose z - 2 = 3*d, -z - 5*d = -d - 2. Let c(t) = -21*t**2 + 46*t**2 - t - 24*t**z. What is c(-1)?
2
Let v(x) be the first derivative of x**4/4 + 4*x**3/3 - x**2 - 2*x + 1. Let f = 23152 - 23156. Determine v(f).
6
Suppose -396 = 6*z + 3*z. Let p = -38 - z. Let i(a) = -a**3 + 7*a**2 - 5*a - 5. Let h be i(p). Let d(t) = t**2 - 1. Calculate d(h).
0
Let j = 13576 - 13576. Let w(o) = -o**3 - o**2 + 6*o + 13. What is w(j)?
13
Let k(u) be the first derivative of -u**4/8 + 7*u**3/3 + 37*u**2/2 + 44. Let s(j) be the second derivative of k(j). Determine s(6).
-4
Let b be 74/5 + (-12)/15. Let h(p) = p**3 - 16*p**2 + 29*p - 12. Let y be h(b). Suppose 6*v = y*v - 4. Let w(c) = 12*c**3 + 2*c**2 + c. Calculate w(v).
-11
Let z(l) be the first derivative of -5*l + 267 + 10/3*l**3 + 1/4*l**4 + 9/2*l**2. Calculate z(-9).
-5
Let k(g) = -3831*g + 3822*g - 8 - 1. Determine k(3).
-36
Let d(v) = 13*v**2 - 86*v - 46. Let b(p) = -6*p**2 + 39*p + 22. Let i(k) = -11*b(k) - 5*d(k). Determine i(-5).
8
Let t(v) be the third derivative of v**6/120 + v**5/12 + v**4/4 + 5*v**3/3 - 12*v**2. Let b be t(-4). Let g(y) = -y - 3*y**2 + 6*y - 6*y - 10*y**b. Give g(1).
-14
Let r(d) = 16*d + 312. Let b(q) = -3*q - 63. Let j(h) = -5*b(h) - r(h). Suppose 0 = 3*s + 9, -x = 5*s + 4 + 8. Suppose x = 4*n + 15. Give j(n).
6
Let b(t) = -t**3 - 6*t**2 - 5*t + 7. Suppose 50*k + 4*n = 48*k + 10, 0 = k - 4*n + 25. Determine b(k).
7
Let c(l) = 48*l - 27*l - 22*l - 5. Let d be (-2)/(-52) + (-44469)/6318. What is c(d)?
2
Let b(k) be the first derivative of -35*k**2/2 + 186*k - 65. Let x be b(5). Let j(w) = w**3 - 12*w**2 + 12*w + 6. Give j(x).
17
Let d(f) = -10*f - 2. Let p(m) = -34*m + 11. Let j(z) = -d(z) + p(z). Calculate j(0).
13
Let a(v) = 21*v + 2. Let r = 3099 - 3097. Calculate a(r).
44
Suppose -2646 - 1839 = -i. Let r(f) = -f - 3*f - 4488 + 2*f + i. Determine r(9).
-21
Suppose 0*x = -14*x - 98. Let r(v) = -2*v + 8. Let u(c) = c - 4. Let n(w) = 2*r(w) + 5*u(w). Give n(x).
-11
Let o = -51 - -51. Suppose -3*r + 3*z = -21, o*z + 36 = 3*r + 2*z. Let x(q) = q**3 - 9*q**2 - 14*q + 3. Calculate x(r).
-37
Let c(o) = -7 + 340*o**2 + 312*o**2 + 318*o**2 - o**3 - 970*o**2. Suppose -12 = b - 3*h, -2*b - 3*h + 16 = h. Calculate c(b).
-7
Let c(u) = -u**2 - u + 2. Suppose -20*q + 16*q - 4 = 0. Let g be (2 - q - 2)*(-6 - -12). Let y be ((-4)/2 - 0)*9/g. Give c(y).
-4
Let x be (-6)/(-21) + (-60)/14. Let g = -14 - -18. Let v(q) = 2 - q**2 - g - 70*q + 63*q - 4. Calculate v(x).
6
Let p(y) = -60*y - 2455. Let k be p(-41). Let m(o) = -o**3 + 4*o**2 - 4*o + 11. Calculate m(k).
-34
Le